{"id":83,"date":"2019-04-03T21:14:40","date_gmt":"2019-04-03T19:14:40","guid":{"rendered":"http:\/\/osteocanin.be\/?page_id=83"},"modified":"2024-12-12T19:56:06","modified_gmt":"2024-12-12T18:56:06","slug":"quand-consulter","status":"publish","type":"page","link":"http:\/\/osteocanin.be\/index.php\/quand-consulter\/","title":{"rendered":"Quand Consulter?"},"content":{"rendered":"\n<p class=\"has-light-green-cyan-background-color has-background\"><strong>Chien\/chat en croissance&nbsp;<\/strong>:<\/p>\n\n\n\n<ul class=\"wp-block-list\">\n<li>Sans trouble: entre 4 et 6 mois, un examen ost\u00e9opathique complet est extr\u00eamement int\u00e9ressant. Le moindre petit blocage peut \u00eatre lev\u00e9 facilement et n&rsquo;entra\u00eene ainsi aucune cons\u00e9quence pour la vie future de l&rsquo;animal.<\/li>\n\n\n\n<li>Avec trouble&nbsp;: boiteries intermittentes, membres arqu\u00e9s, d\u00e9marche chaloup\u00e9e,\u2026<\/li>\n<\/ul>\n\n\n<div class=\"wp-block-image\">\n<figure class=\"alignleft size-large is-resized\"><img loading=\"lazy\" decoding=\"async\" width=\"1024\" height=\"768\" src=\"http:\/\/osteocanin.be\/wp-content\/uploads\/2024\/12\/IMG_7047-1024x768.jpg\" alt=\"\" class=\"wp-image-262\" style=\"width:400px;height:auto\" srcset=\"http:\/\/osteocanin.be\/wp-content\/uploads\/2024\/12\/IMG_7047-1024x768.jpg 1024w, http:\/\/osteocanin.be\/wp-content\/uploads\/2024\/12\/IMG_7047-300x225.jpg 300w, http:\/\/osteocanin.be\/wp-content\/uploads\/2024\/12\/IMG_7047-768x576.jpg 768w, http:\/\/osteocanin.be\/wp-content\/uploads\/2024\/12\/IMG_7047-1536x1152.jpg 1536w, http:\/\/osteocanin.be\/wp-content\/uploads\/2024\/12\/IMG_7047-1200x900.jpg 1200w, http:\/\/osteocanin.be\/wp-content\/uploads\/2024\/12\/IMG_7047-267x200.jpg 267w, http:\/\/osteocanin.be\/wp-content\/uploads\/2024\/12\/IMG_7047-567x425.jpg 567w, http:\/\/osteocanin.be\/wp-content\/uploads\/2024\/12\/IMG_7047.jpg 2000w\" sizes=\"auto, (max-width: 1024px) 100vw, 1024px\" \/><\/figure>\n<\/div>\n\n<div class=\"wp-block-image is-resized\">\n<figure class=\"aligncenter\"><img loading=\"lazy\" decoding=\"async\" width=\"384\" height=\"512\" src=\"http:\/\/osteocanin.be\/wp-content\/uploads\/2019\/04\/chiot.jpg\" alt=\"\" class=\"wp-image-103\" srcset=\"http:\/\/osteocanin.be\/wp-content\/uploads\/2019\/04\/chiot.jpg 384w, http:\/\/osteocanin.be\/wp-content\/uploads\/2019\/04\/chiot-225x300.jpg 225w, http:\/\/osteocanin.be\/wp-content\/uploads\/2019\/04\/chiot-150x200.jpg 150w, http:\/\/osteocanin.be\/wp-content\/uploads\/2019\/04\/chiot-319x425.jpg 319w\" sizes=\"auto, (max-width: 384px) 100vw, 384px\" \/><\/figure>\n<\/div>\n\n\n<p><\/p>\n\n\n\n<p class=\"has-light-green-cyan-background-color has-background\"><strong>Chien de sport et de travail&nbsp;<\/strong>:<\/p>\n\n\n\n<p>1 \u00e0 2 fois par an pour garder les performances au plus haut niveau.<\/p>\n\n\n\n<p>Refus d&rsquo;obstacle, diminution de souplesse, de pr\u00e9cision ou de vitesse.<\/p>\n\n\n\n<p>Exemple d&rsquo;un chien exerc\u00e9 au mordant: le choc avec l&rsquo;apache est parfois tellement rude que les vert\u00e8bres cervicales en subissent les cons\u00e9quences. Si ce chien ne mord plus bien, il a une tr\u00e8s bonne raison de venir me voir.<\/p>\n\n\n\n<figure class=\"wp-block-image size-large is-resized\"><img loading=\"lazy\" decoding=\"async\" width=\"768\" height=\"1024\" src=\"http:\/\/osteocanin.be\/wp-content\/uploads\/2024\/12\/IMG_5062-768x1024.jpg\" alt=\"\" class=\"wp-image-245\" style=\"width:458px;height:auto\" srcset=\"http:\/\/osteocanin.be\/wp-content\/uploads\/2024\/12\/IMG_5062-768x1024.jpg 768w, http:\/\/osteocanin.be\/wp-content\/uploads\/2024\/12\/IMG_5062-225x300.jpg 225w, http:\/\/osteocanin.be\/wp-content\/uploads\/2024\/12\/IMG_5062-1152x1536.jpg 1152w, http:\/\/osteocanin.be\/wp-content\/uploads\/2024\/12\/IMG_5062-1200x1600.jpg 1200w, http:\/\/osteocanin.be\/wp-content\/uploads\/2024\/12\/IMG_5062-150x200.jpg 150w, http:\/\/osteocanin.be\/wp-content\/uploads\/2024\/12\/IMG_5062-319x425.jpg 319w, http:\/\/osteocanin.be\/wp-content\/uploads\/2024\/12\/IMG_5062.jpg 1500w\" sizes=\"auto, (max-width: 768px) 100vw, 768px\" \/><\/figure>\n\n\n\n<p class=\"has-light-green-cyan-background-color has-background\"><strong>Syst\u00e8me locomoteur&nbsp;<\/strong>:<\/p>\n\n\n\n<ul class=\"wp-block-list\">\n<li>boiteries,<\/li>\n\n\n\n<li>torticolis,<\/li>\n\n\n\n<li>douleur de la colonne,<\/li>\n\n\n\n<li>ligaments crois\u00e9s ab\u00eem\u00e9s,<\/li>\n\n\n\n<li>trauma, choc, accident,<\/li>\n\n\n\n<li>arthrose: on ne gu\u00e9rit pas l&rsquo;arthrose mais on peut vraiment soulager les compensations et donc am\u00e9liorer la qualit\u00e9 de vie<\/li>\n\n\n\n<li>&#8230;<\/li>\n<\/ul>\n\n\n\n<figure class=\"wp-block-image size-large is-resized\"><img loading=\"lazy\" decoding=\"async\" width=\"768\" height=\"1024\" src=\"http:\/\/osteocanin.be\/wp-content\/uploads\/2024\/12\/IMG_7044-768x1024.jpg\" alt=\"\" class=\"wp-image-259\" style=\"width:405px;height:auto\" srcset=\"http:\/\/osteocanin.be\/wp-content\/uploads\/2024\/12\/IMG_7044-768x1024.jpg 768w, http:\/\/osteocanin.be\/wp-content\/uploads\/2024\/12\/IMG_7044-225x300.jpg 225w, http:\/\/osteocanin.be\/wp-content\/uploads\/2024\/12\/IMG_7044-1152x1536.jpg 1152w, http:\/\/osteocanin.be\/wp-content\/uploads\/2024\/12\/IMG_7044-1200x1600.jpg 1200w, http:\/\/osteocanin.be\/wp-content\/uploads\/2024\/12\/IMG_7044-150x200.jpg 150w, http:\/\/osteocanin.be\/wp-content\/uploads\/2024\/12\/IMG_7044-319x425.jpg 319w, http:\/\/osteocanin.be\/wp-content\/uploads\/2024\/12\/IMG_7044.jpg 1536w\" sizes=\"auto, (max-width: 768px) 100vw, 768px\" \/><\/figure>\n\n\n\n<p class=\"has-light-green-cyan-background-color has-background\"><strong>Syst\u00e8me g\u00e9nito-urinaire&nbsp;<\/strong>:<\/p>\n\n\n\n<ul class=\"wp-block-list\">\n<li>absence de chaleur,<\/li>\n\n\n\n<li>Absence de retour en chaleur post-partum,<\/li>\n\n\n\n<li>chaleurs irr\u00e9guli\u00e8res,<\/li>\n\n\n\n<li>incontinence urinaire (m\u00eame chez la vieille femelle st\u00e9rilis\u00e9e): on retrouve des blocages ost\u00e9opathiques au niveau des derni\u00e8res vert\u00e8bres lombaires. En les lib\u00e9rant, on a g\u00e9n\u00e9ralement d\u00e9j\u00e0 en 1 s\u00e9ance des r\u00e9sultats tr\u00e8s satisfaisants.<\/li>\n<\/ul>\n\n\n<div class=\"wp-block-image\">\n<figure class=\"aligncenter size-large is-resized\"><img loading=\"lazy\" decoding=\"async\" width=\"1024\" height=\"768\" src=\"http:\/\/osteocanin.be\/wp-content\/uploads\/2024\/12\/IMG_5271-1024x768.jpg\" alt=\"\" class=\"wp-image-247\" style=\"width:517px;height:auto\" srcset=\"http:\/\/osteocanin.be\/wp-content\/uploads\/2024\/12\/IMG_5271-1024x768.jpg 1024w, http:\/\/osteocanin.be\/wp-content\/uploads\/2024\/12\/IMG_5271-300x225.jpg 300w, http:\/\/osteocanin.be\/wp-content\/uploads\/2024\/12\/IMG_5271-768x576.jpg 768w, http:\/\/osteocanin.be\/wp-content\/uploads\/2024\/12\/IMG_5271-1536x1152.jpg 1536w, http:\/\/osteocanin.be\/wp-content\/uploads\/2024\/12\/IMG_5271-1200x900.jpg 1200w, http:\/\/osteocanin.be\/wp-content\/uploads\/2024\/12\/IMG_5271-267x200.jpg 267w, http:\/\/osteocanin.be\/wp-content\/uploads\/2024\/12\/IMG_5271-567x425.jpg 567w, http:\/\/osteocanin.be\/wp-content\/uploads\/2024\/12\/IMG_5271.jpg 2048w\" sizes=\"auto, (max-width: 1024px) 100vw, 1024px\" \/><\/figure>\n<\/div>\n\n\n<p><\/p>\n\n\n\n<p class=\"has-light-green-cyan-background-color has-background\"><strong>Post-op\u00e9ratoire<\/strong>&nbsp;de chirurgies osseuses, ligaments crois\u00e9s, etc.<\/p>\n\n\n\n<p>L&rsquo;animal boite apr\u00e8s sa chirurgie, il a donc tendance \u00e0 compenser au niveau du dos et du bassin. Il est tr\u00e8s important de lever ses compensations pour ne pas qu&rsquo;il pr\u00e9sente des douleurs par la suite.<\/p>\n\n\n\n<p class=\"has-light-green-cyan-background-color has-background\"><strong>Chez le chat&nbsp;<\/strong>:&nbsp;certaines situations sont vraiment typiques&nbsp;:<\/p>\n\n\n\n<ul class=\"wp-block-list\">\n<li>le chat qui ne se nettoie plus le bas du dos,<\/li>\n\n\n\n<li>le chat qui se constipe r\u00e9guli\u00e8rement,<\/li>\n\n\n\n<li>le chat qui a \u00e9t\u00e9 pris dans une fen\u00eatre \u00e0 oscillo battant,<\/li>\n\n\n\n<li>le chat hyper nerveux ou qui attaque sans raison apparente, etc.<\/li>\n<\/ul>\n\n\n<div class=\"wp-block-image is-resized\">\n<figure class=\"aligncenter\"><img loading=\"lazy\" decoding=\"async\" width=\"759\" height=\"960\" src=\"http:\/\/osteocanin.be\/wp-content\/uploads\/2019\/04\/heyli.jpg\" alt=\"\" class=\"wp-image-104\" style=\"width:461px;height:auto\" srcset=\"http:\/\/osteocanin.be\/wp-content\/uploads\/2019\/04\/heyli.jpg 759w, http:\/\/osteocanin.be\/wp-content\/uploads\/2019\/04\/heyli-237x300.jpg 237w, http:\/\/osteocanin.be\/wp-content\/uploads\/2019\/04\/heyli-158x200.jpg 158w, http:\/\/osteocanin.be\/wp-content\/uploads\/2019\/04\/heyli-336x425.jpg 336w\" sizes=\"auto, (max-width: 759px) 100vw, 759px\" \/><\/figure>\n<\/div>\n\n\n<p><\/p>\n\n\n\n<p class=\"has-light-green-cyan-background-color has-background\"><strong>Cette liste n&rsquo;est pas exhaustive :<\/strong><\/p>\n\n\n\n<p>Si vous avez un doute sur un cas, d&rsquo;un simple coup de t\u00e9l\u00e9phone, je pourrai vous dire si l&rsquo;ost\u00e9opathie est recommand\u00e9e ou pas.<\/p>\n\n\n\n<p>Sachez que je vous r\u00e9pondrai toujours en toute honn\u00eatet\u00e9 car, comme toutes les autres m\u00e9decines, l&rsquo;ost\u00e9opathie a ses limites.<\/p>\n\n\n<div class=\"wp-block-image\">\n<figure class=\"aligncenter is-resized\"><img loading=\"lazy\" decoding=\"async\" width=\"720\" height=\"960\" src=\"http:\/\/osteocanin.be\/wp-content\/uploads\/2019\/04\/schoonbroodt.jpg\" alt=\"\" class=\"wp-image-105\" style=\"width:576px;height:auto\" srcset=\"http:\/\/osteocanin.be\/wp-content\/uploads\/2019\/04\/schoonbroodt.jpg 720w, http:\/\/osteocanin.be\/wp-content\/uploads\/2019\/04\/schoonbroodt-225x300.jpg 225w, http:\/\/osteocanin.be\/wp-content\/uploads\/2019\/04\/schoonbroodt-150x200.jpg 150w, http:\/\/osteocanin.be\/wp-content\/uploads\/2019\/04\/schoonbroodt-319x425.jpg 319w\" sizes=\"auto, (max-width: 720px) 100vw, 720px\" \/><\/figure>\n<\/div>","protected":false},"excerpt":{"rendered":"<p>Chien\/chat en croissance&nbsp;: Chien de sport et de travail&nbsp;: 1 \u00e0 2 fois par an pour garder les performances au plus haut niveau. Refus d&rsquo;obstacle, diminution de souplesse, de pr\u00e9cision ou de vitesse. Exemple d&rsquo;un &hellip; <a href=\"http:\/\/osteocanin.be\/index.php\/quand-consulter\/\" class=\"more-link\">Lire la suite <span class=\"screen-reader-text\">Quand Consulter?<\/span> <span class=\"meta-nav\">&rarr;<\/span><\/a><\/p>\n","protected":false},"author":1,"featured_media":249,"parent":0,"menu_order":3,"comment_status":"closed","ping_status":"closed","template":"","meta":{"footnotes":""},"class_list":["post-83","page","type-page","status-publish","has-post-thumbnail","hentry"],"_links":{"self":[{"href":"http:\/\/osteocanin.be\/index.php\/wp-json\/wp\/v2\/pages\/83","targetHints":{"allow":["GET"]}}],"collection":[{"href":"http:\/\/osteocanin.be\/index.php\/wp-json\/wp\/v2\/pages"}],"about":[{"href":"http:\/\/osteocanin.be\/index.php\/wp-json\/wp\/v2\/types\/page"}],"author":[{"embeddable":true,"href":"http:\/\/osteocanin.be\/index.php\/wp-json\/wp\/v2\/users\/1"}],"replies":[{"embeddable":true,"href":"http:\/\/osteocanin.be\/index.php\/wp-json\/wp\/v2\/comments?post=83"}],"version-history":[{"count":9,"href":"http:\/\/osteocanin.be\/index.php\/wp-json\/wp\/v2\/pages\/83\/revisions"}],"predecessor-version":[{"id":281,"href":"http:\/\/osteocanin.be\/index.php\/wp-json\/wp\/v2\/pages\/83\/revisions\/281"}],"wp:featuredmedia":[{"embeddable":true,"href":"http:\/\/osteocanin.be\/index.php\/wp-json\/wp\/v2\/media\/249"}],"wp:attachment":[{"href":"http:\/\/osteocanin.be\/index.php\/wp-json\/wp\/v2\/media?parent=83"}],"curies":[{"name":"wp","href":"https:\/\/api.w.org\/{rel}","templated":true}]}}